divisor of 49 and 232309?
49
What is the highest common factor of 176610 and 168?
42
What is the greatest common divisor of 5536 and 1864594?
346
What is the greatest common divisor of 7 and 2598253?
7
Calculate the greatest common factor of 6572148 and 132.
132
What is the greatest common divisor of 432 and 384?
48
What is the highest common factor of 833 and 52717?
119
Calculate the highest common factor of 106056 and 2448.
72
Calculate the highest common factor of 3458 and 798266.
266
Calculate the highest common divisor of 424 and 18868.
212
What is the highest common divisor of 151900 and 1612?
124
Calculate the greatest common factor of 56232 and 2.
2
What is the greatest common factor of 30273 and 6?
3
Calculate the greatest common divisor of 3289 and 1354309.
253
What is the greatest common factor of 294 and 95256?
294
Calculate the highest common divisor of 546 and 574.
14
Calculate the greatest common divisor of 3480 and 1200.
120
Calculate the highest common divisor of 139783 and 665.
133
What is the highest common factor of 38 and 2576096?
38
Calculate the highest common factor of 154971 and 153.
9
Calculate the highest common factor of 1189 and 4060.
29
What is the highest common factor of 6787 and 495?
11
Calculate the highest common factor of 428652 and 324.
324
What is the greatest common factor of 69736 and 17848?
184
Calculate the highest common divisor of 89 and 220097.
89
Calculate the greatest common divisor of 1638 and 1256814.
234
Calculate the highest common divisor of 4225 and 575.
25
What is the highest common factor of 872 and 2280716?
436
What is the highest common divisor of 9557 and 323?
19
What is the highest common factor of 4452 and 91728?
84
Calculate the highest common factor of 11715 and 70645.
355
Calculate the highest common divisor of 47 and 17578.
47
Calculate the highest common divisor of 89585 and 551.
19
Calculate the greatest common divisor of 44 and 367752.
44
What is the highest common divisor of 1756 and 903462?
878
What is the greatest common divisor of 792 and 55396?
44
What is the highest common divisor of 854186 and 478?
478
Calculate the greatest common factor of 13 and 10699.
13
What is the highest common divisor of 90 and 232440?
30
Calculate the greatest common factor of 64 and 24494.
2
Calculate the highest common factor of 3859 and 96929.
227
Calculate the highest common factor of 132 and 409.
1
What is the greatest common factor of 616 and 429?
11
What is the greatest common factor of 49 and 281113?
49
Calculate the greatest common factor of 2965 and 30.
5
Calculate the greatest common factor of 7290 and 4779.
81
Calculate the highest common divisor of 125 and 6133625.
125
What is the greatest common divisor of 294008 and 4312?
88
Calculate the greatest common divisor of 90 and 564300.
90
What is the highest common divisor of 5328 and 227032?
296
What is the highest common factor of 4525 and 5068?
181
Calculate the highest common factor of 34755 and 2100.
105
Calculate the greatest common factor of 4992 and 828.
12
What is the greatest common divisor of 1880739 and 3852?
963
What is the greatest common divisor of 685324 and 2347?
2347
Calculate the highest common factor of 2032 and 336.
16
What is the greatest common divisor of 342 and 551898?
18
Calculate the highest common divisor of 32 and 9068.
4
Calculate the highest common divisor of 1 and 38879.
1
What is the greatest common divisor of 1869 and 180759?
267
Calculate the greatest common factor of 6601 and 2116.
23
What is the highest common divisor of 11139 and 1896?
237
Calculate the highest common divisor of 27 and 15857397.
27
Calculate the highest common factor of 516537 and 189.
189
What is the greatest common divisor of 420 and 360?
60
Calculate the highest common divisor of 120296 and 1782.
22
What is the greatest common factor of 132858 and 61?
61
Calculate the greatest common divisor of 424 and 2793524.
212
Calculate the highest common factor of 174 and 25665.
87
What is the highest common divisor of 19380 and 3180?
60
Calculate the highest common factor of 82 and 965140.
82
Calculate the greatest common factor of 76 and 456437.
19
What is the greatest common factor of 61715 and 10?
5
Calculate the highest common factor of 57368 and 2272.
568
Calculate the greatest common factor of 4500 and 1516000.
500
Calculate the greatest common factor of 26260 and 202.
202
Calculate the highest common divisor of 1317 and 4.
1
Calculate the greatest common divisor of 143299 and 146.
73
What is the greatest common divisor of 12754548 and 12?
12
What is the greatest common factor of 395285 and 55?
55
Calculate the highest common divisor of 1066 and 13221.
13
Calculate the highest common divisor of 694725 and 975.
75
Calculate the greatest common divisor of 21752 and 1696.
8
What is the highest common divisor of 732 and 8574?
6
What is the greatest common factor of 208 and 2056?
8
What is the greatest common divisor of 3576 and 1164?
12
What is the greatest common factor of 7209 and 5?
1
What is the highest common divisor of 94632 and 24?
24
What is the highest common factor of 2536 and 376?
8
What is the highest common divisor of 33123 and 141276?
183
What is the highest common divisor of 5977 and 82427?
139
Calculate the highest common divisor of 674025 and 228.
57
Calculate the highest common factor of 720 and 73650.
30
Calculate the greatest common factor of 4293 and 25137.
27
Calculate the highest common divisor of 182 and 3470558.
182
What is the greatest common divisor of 579636 and 108?
108
What is the highest common factor of 145591 and 134?
67
What is the greatest common factor of 10 and 1593890?
10
Calculate the highest common divisor of 1375 and 104995.
55
What is the highest common factor of 150865 and 3165?
1055
What is the highest common divisor of 560 and 80360?
280
Calculate the highest common divisor of 37043 and 51.
17
Calculate the greatest common factor of 63778 and 660.
22
Calculate the greatest common divisor of 5474945 and 19.
19
Calculate the highest common divisor of 165 and 654775.
55
What is the greatest common divisor of 6 and 11014?
2
What is the greatest common divisor of 12446 and 21217?
49
What is the greatest common divisor of 688428 and 234?
234
Calculate the greatest common factor of 170 and 13855.
85
What is the highest common divisor of 366490 and 1340?
670
Calculate the greatest common factor of 1170 and 40170.
390
Calculate the greatest common divisor of 9120 and 2400.
480
What is the highest common factor of 432 and 112?
16
Calculate the greatest common divisor of 916 and 810202.
458
What is the highest common factor of 88447 and 241?
241
What is the highest common factor of 18 and 1159911?
9
Calculate the highest common factor of 569590 and 515.
515
Calculate the greatest common factor of 8736 and 5454.
6
What is the highest common factor of 158 and 25643558?
158
What is the highest common factor of 15 and 11409?
3
What is the highest common factor of 806 and 98722?
26
Calculate the highest common factor of 95 and 43567.
19
What is the greatest common divisor of 654840 and 288?
72
Calculate the greatest common divisor of 82152 and 336.
168
Calculate the highest common divisor of 178485 and 438.
219
What is the greatest common factor of 5502 and 24?
6
Calculate the greatest common factor of 171 and 164331.
171
What is the highest common divisor of 2048 and 1112?
8
What is the highest common divisor of 1271721 and 1869?
267
What is the highest common factor of 186872 and 852?
284
Calculate the greatest common factor of 9711 and 468.
117
Calculate the highest common divisor of 20196 and 2662.
22
What is the greatest common divisor of 192 and 1428?
12
What is the highest common divisor of 12736 and 448?
64
Calculate the greatest common factor of 196 and 20000.
4
What is the greatest common divisor of 4638136 and 424?
424
What is the greatest common divisor of 350 and 2562?
14
What is the highest common divisor of 558 and 3379?
31
Calculate the highest common divisor of 50799 and 12054.
861
Calculate the highest common divisor of 675 and 564705.
135
Calculate the highest common factor of 22 and 71929.
11
What is the greatest common factor of 114021 and 41?
41
What is the highest common factor of 